t o be 1*(0 + -2 + 3). Let g(u) = o*z(u) - 6*a(u). What is the tens digit of g(-9)?
3
Let c(b) = b**2 - b. Let g(v) = -4*v**2 - 4. Let s(f) = 3*c(f) + g(f). Let w be s(-5). What is the tens digit of w/42 - 178/(-3)?
5
Let g(w) = -w**3 + 7*w**2 + 17*w + 25. What is the units digit of g(-5)?
0
Suppose x = 5*a + 125, 2*a = -0*a. Let z = -16 + x. What is the hundreds digit of z?
1
Suppose 5*f - 5036 = 619. What is the tens digit of f?
3
Let y(l) = l**3 + 5*l**2 - 10*l. Let n be y(-7). What is the units digit of (n - -30) + (1 - 85/(-1))?
8
Let k be 3 + -7 + 2 - -3. Let m be (-1)/k*(-76 + 0). Suppose -2*w - m - 84 = -5*y, 4*y - w - 125 = 0. What is the tens digit of y?
3
Let j = 1894 - 1339. What is the units digit of j?
5
Let z(q) = q**3 + 4*q**2 + 2*q - 2. Let h be z(-2). Let d be (h/3)/(5/15). Suppose 5*u + 1 = d*f, -f = 3*f + 3*u - 41. What is the units digit of f?
8
What is the hundreds digit of 158 + -2 - (-1 + 4/1)?
1
Let g(m) = m**3 - m**2 + m - 1. Let t(b) = b**3 - 2*b**2 + 2*b - 66. Let a(v) = 2*g(v) - t(v). What is the units digit of a(0)?
4
Let m = -10 + 12. Suppose -3*g = m*g. Suppose g*w - 60 = -5*w. What is the units digit of w?
2
Suppose -4*i - 1713 = -3*v, -3*i + i = 2*v - 1128. What is the hundreds digit of v?
5
Let q = -14 + 11. Let d be (-1)/((9/129)/q). Suppose -z + w = -d, -5*z = -6*z - 4*w + 58. What is the tens digit of z?
4
Suppose 4*g + 4 = 16. Suppose g*r + 42 - 282 = 0. What is the units digit of r?
0
Suppose -31 = -5*j - 3*r, j - 3*j + 4 = -3*r. Suppose 4*l = 3*c - 0*c - 331, j*c - 5*l = 545. What is the units digit of c?
5
What is the hundreds digit of ((-130)/91)/(-5) - (-6786)/14?
4
Suppose -5*f + 30 = -0*h + 4*h, 6 = -3*f. Suppose 2*k - h = -2. Suppose k*w - 66 = 2*w. What is the tens digit of w?
3
Suppose 3 = -2*t - 21. Let l = t - -58. What is the units digit of l?
6
Let m be -1*3 - 21/(-7). Let a(g) = 2*g + 30. What is the units digit of a(m)?
0
Suppose -n + 2*n - 2030 = 0. Let i be (-2)/9 - n/(-63). Suppose 2*g + g - 2*k - 20 = 0, -3*g + i = 4*k. What is the units digit of g?
8
Suppose 46*f - 370387 = -151059. What is the units digit of f?
8
Let k be (64/(-10))/((-22)/165). Suppose -d + 51 = -k. What is the units digit of d?
9
Let q be (-3)/(-3 + 342/112). Let l = q + 110. Suppose -57 = -2*p - 3*m + l, 5*m = -p + 66. What is the tens digit of p?
5
Let d(k) = k - 4. Let u be d(3). Let f(h) = 4*h**2 + h + 1. Let z be f(u). Suppose s = z + 19. What is the tens digit of s?
2
Let q = -41 + 40. What is the units digit of (-3)/q + -1 + 81 + -8?
5
Suppose -19*o = -21*o + 4*m + 1390, 3489 = 5*o + 4*m. What is the tens digit of o?
9
Let f(g) = -g**3 - 11*g**2 - g - 9. Let y = -8 - 3. Let b be f(y). Suppose 0 = -4*m - 2*r + 62, -3*m - b*r + 1 = -43. What is the tens digit of m?
1
Suppose -9*j = -4*j - 115. Suppose -u - 1 - 1 = m, 0 = 4*u + m + j. Let i = u + 32. What is the tens digit of i?
2
Let b = 11 + -7. Let t be 5 + -7 - (b + 0). What is the units digit of (t/9)/((-2)/102)?
4
Let t be 36/2 + (-11 - -9). What is the tens digit of 2912/24 + -2 + t/6?
2
Suppose 520 = 4*c + 4*k, 342 + 187 = 4*c - 5*k. Suppose 6*f = 581 - c. What is the units digit of f?
5
What is the hundreds digit of 459 - ((-192)/(-36) - (-2)/(-6))?
4
Let g(i) = -4*i**2 + 8*i - 8. Suppose -11 = -3*y + 10. Let m be g(y). What is the units digit of m/(-12) + 2/3?
3
Let c be 132/30 + 6/(-15). Suppose 0*d = c*d - 176. What is the tens digit of d?
4
Let n(w) = 85*w**2 - 3*w + 4. Let u be n(4). What is the tens digit of u/14 - 6/(-14)?
9
Suppose -774 = -23*a + 4286. What is the hundreds digit of a?
2
Suppose -14 = 3*w + 4*r, w = 6*r - r + 8. Let h be 75*w/(1 + -3). Suppose 2*y + 78 = 3*z, 3*z + 0*z - 3*y = h. What is the tens digit of z?
2
Let g(c) be the third derivative of c**5/60 + c**4/24 - c**3/3 - 2*c**2. What is the tens digit of g(-5)?
1
Let r be (36/27)/((-4)/42). Let q = r + 28. Let x = 18 + q. What is the units digit of x?
2
Let i(u) = 9*u**2 - 15*u + 2*u**2 + 12 + 3. Let d(t) = 6*t**2 - 8*t + 8. Let v(s) = -5*d(s) + 3*i(s). What is the units digit of v(3)?
7
Let h be (1 + -322)*11/(-33). Let a = h + 6. What is the tens digit of a?
1
Suppose -2*p - 27 + 31 = 0. What is the units digit of (264/p)/((-6)/(-96)*12)?
6
What is the units digit of ((-570)/9)/(7/(-3) + 2)?
0
Let u = -134 + 441. What is the tens digit of u?
0
Let z be 2/8 - 11/(-4). Let t(s) = s - s**z + 12*s + 14 - 13*s**2 + s. What is the tens digit of t(-14)?
1
Let d(u) = 8*u**2 - 2*u**2 + 9 - 9. Let i be d(-1). What is the units digit of ((-36)/(-5))/(i/20)?
4
What is the tens digit of (2426/(-10) + -1)/(129/(-645))?
1
Suppose 7*j - 519 = -71. Suppose -3*o + 417 = 2*z, -3*z = 4*o - j - 561. What is the hundreds digit of z?
2
Suppose -147 = -0*r + 3*r. Let o = r - -140. What is the units digit of o?
1
Suppose -2*d + 55 + 207 = 5*w, 0 = 4*w - 2*d - 206. Suppose 3*o - 79 = -2*t, -t - o = -2*o - w. What is the units digit of t?
7
Let j(w) = 58*w**3 - 3*w**2 + 2*w + 5. What is the tens digit of j(2)?
6
Let f = -31 + 14. Let m = -17 - f. Suppose l + 4*l - 110 = m. What is the units digit of l?
2
Let h(d) = 3*d**3 + 30*d**2 + 13*d + 51. What is the hundreds digit of h(-9)?
1
Suppose -3*v + 4*s - 3*s + 1398 = 0, -9 = 3*s. What is the tens digit of v?
6
Let i be (-1 - 0) + (0 - -3). Let p be (0 - -25 - i) + -3. Suppose 5*o - 4*o - p = 0. What is the tens digit of o?
2
Let d(n) = 4*n + 8 + 2 - 4*n + 7*n. What is the units digit of d(6)?
2
Let x(r) = 4*r**3 - r**2 + 1. Let j be x(1). Suppose 2*y - 2 = -3*w, w + 0*y = -j*y + 14. What is the units digit of 38/2 + (-6)/w?
2
Suppose -10*v - 9 = -13*v. Suppose -4*l + 176 = 5*s, -2*l - v*s + 51 = -l. What is the tens digit of l?
3
Let i be 0 + (4 - 8) - -6. Suppose -4*y - 4*a + 752 = 0, -i*y - 101 = -2*a - 481. What is the hundreds digit of y?
1
Let h = 21 - 39. Let w = 20 + h. What is the tens digit of w*2 + 7 + 2?
1
Let v(c) = -166*c - 2. Let m be v(-1). Let g = m - 151. What is the units digit of g?
3
Let p = 14 + -13. Let a = p - 3. What is the units digit of ((-69)/(-3) - a)*1?
5
Let d be ((-3)/9)/(6/(-126)). Suppose 379 + 1112 = d*q. Suppose -5*p + h - 5*h = -q, -p + 31 = -5*h. What is the tens digit of p?
4
Let m = 72 - 65. Suppose -2*d = -5*v - m*d + 365, -3*v + 4*d + 198 = 0. What is the units digit of v?
0
Let k be (-2)/9 + (-35)/45. Let n be k - (3 + -1) - 11. What is the units digit of -1 + n*(-4)/8?
6
Let l = 239 - 129. Suppose -l = -3*a + 169. What is the units digit of a?
3
Suppose 2*m - 33 = 39. Suppose 0 = -2*s + u + m, 4*s + 0*u + 2*u = 64. Suppose -2*o + i + 44 = -s, -o = -2*i - 32. What is the units digit of o?
0
Suppose -4*z = -2*c + 7 + 29, -c + 5*z + 27 = 0. Suppose d - 2*f = -5*f - c, d + 2 = -f. Suppose d*l + 51 = 4*l. What is the tens digit of l?
5
Suppose 41477 = 16*d - 26491. What is the tens digit of d?
4
Let z = 0 + -4. Let n be (-2 + 2)*z/(-4). Suppose n*w + 6 = w - 2*l, l = 5*w - 30. What is the units digit of w?
6
Suppose -131*z + 123*z + 6920 = 0. What is the units digit of z?
5
Suppose -16 = -5*b + 3*b. Suppose -2*x - 18 + 30 = 0. Suppose -36 = -4*t - 3*v, -b - x = -3*t + v. What is the units digit of t?
6
Suppose 0 = 2*n - 4*w - 7 + 1, -5*n - 4*w = -29. Suppose -2*r - n = -7*r. What is the units digit of 7/(((-4)/(-16))/r)?
8
Suppose 0 = 5*g - 2*m - 2730, -g = 2*g + 2*m - 1622. What is the tens digit of g?
4
Let c(i) = -i**3 - 5*i**2 - 6*i - 6. Let v be c(-4). Let n be ((-60)/(-21))/(v/7). What is the units digit of (-1)/((-5)/4)*n?
8
Suppose -3*n + 8 = -i, 0 = -0*i - 5*i + 5*n - 50. Let o(u) be the first derivative of -u**4/4 - 4*u**3 - 8*u**2 - 12*u - 1. What is the units digit of o(i)?
3
Let c(u) = u**2 + 10*u - 5. What is the tens digit of c(10)?
9
Let y(u) = u**3 + 32*u**2 - 55*u - 187. What is the tens digit of y(-33)?
3
Let g(u) = 3*u - 26. Let n be g(11). Suppose -144 - 143 = -n*d. What is the tens digit of d?
4
Suppose -8736 = -22*y + 6*y. What is the tens digit of y?
4
Let v(x) = 4 - 2 - 9*x - 3. Let o(j) = -2*j - 19. Let m be o(-9). What is the units digit of v(m)?
8
Let z be (1/(-1) + -2)*1. Let f be (2/2)/(-1)*z. Suppose -f*h + 5*i + 107 = 0, 2*h - 4*h + 4*i = -74. What is the tens digit of h?
2
Let w(a) = -23*a + 39*a + 22*a. What is the tens digit of w(1)?
3
Let z(a) be the third derivative of -a*